{"id":30415,"date":"2020-12-28T17:50:17","date_gmt":"2020-12-28T16:50:17","guid":{"rendered":"https:\/\/ujofotodesign.ch\/?post_type=portfolio&#038;p=30415"},"modified":"2020-12-29T17:24:18","modified_gmt":"2020-12-29T16:24:18","slug":"abstraktion-3-farben-und-reflexionen","status":"publish","type":"portfolio","link":"https:\/\/ujofotodesign.ch\/de\/portfolio\/abstraktion-3-farben-und-reflexionen\/","title":{"rendered":"Farben und Reflexionen"},"content":{"rendered":"\n<p>Wie in den letzten drei Jahren, so habe ich auch in diesem Jahr am \u00abTessin Workshop\u00bb von&nbsp;<a href=\"https:\/\/www.fineartpix.ch\/index.php\">FineartPix<\/a>&nbsp;teilgenommen. Dieses Jahr war das Thema \u00aball\u2019acqua\u00bb, also \u00ab\u00fcber das Wasser\u00bb. Wir waren eine Gruppe von f\u00fcnf Fotografen, die von Ferit Kuyas und Markus Zuber angeleitet, dieses Thema bearbeiteten. Wir sind dazu entlang des Ticino vom San Gottardo bis nach Claro, kurz vor Bellinzona, gefolgt und haben an verschiedenen Standorten unsere in Vorprojekten verarbeiteten Konzepte umgesetzt. &nbsp; <\/p>\n\n\n\n<p>Die Sammlung pr\u00e4sentiert meine Vorbereitungsarbeiten f\u00fcr den Workshop sowie die Ergebnisse und einige Bilder, die nach dem Workshop entstanden. Ich entschied mich, auch aufgrund des Feedbacks der Instruktoren, mit der Serie \u00abGrenzen\u00bb fortzufahren. Ich war haupts\u00e4chlich fasziniert von der harten und weichen Ver\u00e4nderung der Oberfl\u00e4chen und Farbfl\u00fcsse, die durch den Himmel, die Umgebung und die Farben des Bodens unter der Wasseroberfl\u00e4che verursacht wurden.<\/p>\n\n\n\n<p>Die Farbverl\u00e4ufe und abstrakten Reflektionen auf der Wasseroberfl\u00e4che erinnern an die Werke des&nbsp;<a href=\"https:\/\/www.metmuseum.org\/toah\/hd\/abex\/hd_abex.htm\">Abstrakten Expressionismus<\/a>, oder der New Yorker Schule aus der zweiten H\u00e4lfte des 20. Jahrhunderts. Dieser lose K\u00fcnstlerkreis mit Leuten wie Clyfford Still, Mark Rothko , Lee Krasner, Willem de Kooning oder Jackson Pollock suchte nach neuen Ausdrucksformen ihrer inneren Verfassung. In meist sehr grossformatigen Werken versuchten diese K\u00fcnstler auf der einen Seite die spontane Improvisation mit hochdynamischen energiegeladenen Gesten, wie auch einer kontemplativ ruhigen Fokussierung auf Farbfl\u00e4chen. &nbsp;&nbsp;<\/p>\n\n\n\n<p>Interessanterweise sind Analogien insbesondere zur Farbfeldmalerei in den reflektierenden Oberfl\u00e4chen und unscharfen Abgrenzungen meiner \u00abGrenzen\u00bb Serie ein weiteres Beispiel daf\u00fcr, dass Kunst, so abstrakt sie auf den ersten Blick erscheinen mag, doch sehr oft eine Entsprechung in der Natur hat \u2013 und den Zustand der Natur reflektiert wie die Ausdrucksformen des Abstrakten den inneren Zustand der K\u00fcnstler.&nbsp;<\/p>\n","protected":false},"featured_media":30253,"menu_order":0,"template":"","category-portfolio":[31],"acf":[],"yoast_head":"<!-- This site is optimized with the Yoast SEO plugin v20.12 - https:\/\/yoast.com\/wordpress\/plugins\/seo\/ -->\n<title>Farben und Reflexionen &bull; ujofotodesign<\/title>\n<meta name=\"robots\" content=\"index, follow, max-snippet:-1, max-image-preview:large, max-video-preview:-1\" \/>\n<link rel=\"canonical\" href=\"https:\/\/ujofotodesign.ch\/de\/portfolio\/abstraktion-3-farben-und-reflexionen\/\" \/>\n<meta property=\"og:locale\" content=\"de_DE\" \/>\n<meta property=\"og:type\" content=\"article\" \/>\n<meta property=\"og:title\" content=\"Farben und Reflexionen &bull; ujofotodesign\" \/>\n<meta property=\"og:description\" content=\"Wie in den letzten drei Jahren, so habe ich auch in diesem Jahr am \u00abTessin Workshop\u00bb von&nbsp;FineartPix&nbsp;teilgenommen. Dieses Jahr war das Thema \u00aball\u2019acqua\u00bb, also \u00ab\u00fcber das Wasser\u00bb. Wir waren eine Gruppe von f\u00fcnf Fotografen, die von Ferit Kuyas und Markus Zuber angeleitet, dieses Thema bearbeiteten. Wir sind dazu entlang des Ticino vom San Gottardo bis [&hellip;]\" \/>\n<meta property=\"og:url\" content=\"https:\/\/ujofotodesign.ch\/de\/portfolio\/abstraktion-3-farben-und-reflexionen\/\" \/>\n<meta property=\"og:site_name\" content=\"ujofotodesign\" \/>\n<meta property=\"article:modified_time\" content=\"2020-12-29T16:24:18+00:00\" \/>\n<meta property=\"og:image\" content=\"https:\/\/ujofotodesign.ch\/wp-content\/uploads\/2020\/08\/c5_mg_4036-m4-e1609235804758.jpg\" \/>\n\t<meta property=\"og:image:width\" content=\"900\" \/>\n\t<meta property=\"og:image:height\" content=\"1125\" \/>\n\t<meta property=\"og:image:type\" content=\"image\/jpeg\" \/>\n<meta name=\"twitter:card\" content=\"summary_large_image\" \/>\n<meta name=\"twitter:label1\" content=\"Gesch\u00e4tzte Lesezeit\" \/>\n\t<meta name=\"twitter:data1\" content=\"1 Minute\" \/>\n<script type=\"application\/ld+json\" class=\"yoast-schema-graph\">{\"@context\":\"https:\/\/schema.org\",\"@graph\":[{\"@type\":\"WebPage\",\"@id\":\"https:\/\/ujofotodesign.ch\/de\/portfolio\/abstraktion-3-farben-und-reflexionen\/\",\"url\":\"https:\/\/ujofotodesign.ch\/de\/portfolio\/abstraktion-3-farben-und-reflexionen\/\",\"name\":\"Farben und Reflexionen &bull; ujofotodesign\",\"isPartOf\":{\"@id\":\"https:\/\/ujofotodesign.ch\/de\/#website\"},\"datePublished\":\"2020-12-28T16:50:17+00:00\",\"dateModified\":\"2020-12-29T16:24:18+00:00\",\"breadcrumb\":{\"@id\":\"https:\/\/ujofotodesign.ch\/de\/portfolio\/abstraktion-3-farben-und-reflexionen\/#breadcrumb\"},\"inLanguage\":\"de-DE\",\"potentialAction\":[{\"@type\":\"ReadAction\",\"target\":[\"https:\/\/ujofotodesign.ch\/de\/portfolio\/abstraktion-3-farben-und-reflexionen\/\"]}]},{\"@type\":\"BreadcrumbList\",\"@id\":\"https:\/\/ujofotodesign.ch\/de\/portfolio\/abstraktion-3-farben-und-reflexionen\/#breadcrumb\",\"itemListElement\":[{\"@type\":\"ListItem\",\"position\":1,\"name\":\"Home\",\"item\":\"https:\/\/ujofotodesign.ch\/de\/\"},{\"@type\":\"ListItem\",\"position\":2,\"name\":\"Farben und Reflexionen\"}]},{\"@type\":\"WebSite\",\"@id\":\"https:\/\/ujofotodesign.ch\/de\/#website\",\"url\":\"https:\/\/ujofotodesign.ch\/de\/\",\"name\":\"ujofotodesign\",\"description\":\"\",\"publisher\":{\"@id\":\"https:\/\/ujofotodesign.ch\/de\/#\/schema\/person\/bece9dc9b9c82b781fbf996a923e4695\"},\"potentialAction\":[{\"@type\":\"SearchAction\",\"target\":{\"@type\":\"EntryPoint\",\"urlTemplate\":\"https:\/\/ujofotodesign.ch\/de\/?s={search_term_string}\"},\"query-input\":\"required name=search_term_string\"}],\"inLanguage\":\"de-DE\"},{\"@type\":[\"Person\",\"Organization\"],\"@id\":\"https:\/\/ujofotodesign.ch\/de\/#\/schema\/person\/bece9dc9b9c82b781fbf996a923e4695\",\"name\":\"Ulrich Jousten\",\"image\":{\"@type\":\"ImageObject\",\"inLanguage\":\"de-DE\",\"@id\":\"https:\/\/ujofotodesign.ch\/de\/#\/schema\/person\/image\/\",\"url\":\"https:\/\/ujofotodesign.ch\/wp-content\/uploads\/2019\/10\/ujofotodesign-logo.jpg\",\"contentUrl\":\"https:\/\/ujofotodesign.ch\/wp-content\/uploads\/2019\/10\/ujofotodesign-logo.jpg\",\"width\":512,\"height\":512,\"caption\":\"Ulrich Jousten\"},\"logo\":{\"@id\":\"https:\/\/ujofotodesign.ch\/de\/#\/schema\/person\/image\/\"},\"sameAs\":[\"https:\/\/ujofotodesign.ch\"]}]}<\/script>\n<!-- \/ Yoast SEO plugin. -->","yoast_head_json":{"title":"Farben und Reflexionen &bull; ujofotodesign","robots":{"index":"index","follow":"follow","max-snippet":"max-snippet:-1","max-image-preview":"max-image-preview:large","max-video-preview":"max-video-preview:-1"},"canonical":"https:\/\/ujofotodesign.ch\/de\/portfolio\/abstraktion-3-farben-und-reflexionen\/","og_locale":"de_DE","og_type":"article","og_title":"Farben und Reflexionen &bull; ujofotodesign","og_description":"Wie in den letzten drei Jahren, so habe ich auch in diesem Jahr am \u00abTessin Workshop\u00bb von&nbsp;FineartPix&nbsp;teilgenommen. Dieses Jahr war das Thema \u00aball\u2019acqua\u00bb, also \u00ab\u00fcber das Wasser\u00bb. Wir waren eine Gruppe von f\u00fcnf Fotografen, die von Ferit Kuyas und Markus Zuber angeleitet, dieses Thema bearbeiteten. Wir sind dazu entlang des Ticino vom San Gottardo bis [&hellip;]","og_url":"https:\/\/ujofotodesign.ch\/de\/portfolio\/abstraktion-3-farben-und-reflexionen\/","og_site_name":"ujofotodesign","article_modified_time":"2020-12-29T16:24:18+00:00","og_image":[{"width":900,"height":1125,"url":"https:\/\/ujofotodesign.ch\/wp-content\/uploads\/2020\/08\/c5_mg_4036-m4-e1609235804758.jpg","type":"image\/jpeg"}],"twitter_card":"summary_large_image","twitter_misc":{"Gesch\u00e4tzte Lesezeit":"1 Minute"},"schema":{"@context":"https:\/\/schema.org","@graph":[{"@type":"WebPage","@id":"https:\/\/ujofotodesign.ch\/de\/portfolio\/abstraktion-3-farben-und-reflexionen\/","url":"https:\/\/ujofotodesign.ch\/de\/portfolio\/abstraktion-3-farben-und-reflexionen\/","name":"Farben und Reflexionen &bull; ujofotodesign","isPartOf":{"@id":"https:\/\/ujofotodesign.ch\/de\/#website"},"datePublished":"2020-12-28T16:50:17+00:00","dateModified":"2020-12-29T16:24:18+00:00","breadcrumb":{"@id":"https:\/\/ujofotodesign.ch\/de\/portfolio\/abstraktion-3-farben-und-reflexionen\/#breadcrumb"},"inLanguage":"de-DE","potentialAction":[{"@type":"ReadAction","target":["https:\/\/ujofotodesign.ch\/de\/portfolio\/abstraktion-3-farben-und-reflexionen\/"]}]},{"@type":"BreadcrumbList","@id":"https:\/\/ujofotodesign.ch\/de\/portfolio\/abstraktion-3-farben-und-reflexionen\/#breadcrumb","itemListElement":[{"@type":"ListItem","position":1,"name":"Home","item":"https:\/\/ujofotodesign.ch\/de\/"},{"@type":"ListItem","position":2,"name":"Farben und Reflexionen"}]},{"@type":"WebSite","@id":"https:\/\/ujofotodesign.ch\/de\/#website","url":"https:\/\/ujofotodesign.ch\/de\/","name":"ujofotodesign","description":"","publisher":{"@id":"https:\/\/ujofotodesign.ch\/de\/#\/schema\/person\/bece9dc9b9c82b781fbf996a923e4695"},"potentialAction":[{"@type":"SearchAction","target":{"@type":"EntryPoint","urlTemplate":"https:\/\/ujofotodesign.ch\/de\/?s={search_term_string}"},"query-input":"required name=search_term_string"}],"inLanguage":"de-DE"},{"@type":["Person","Organization"],"@id":"https:\/\/ujofotodesign.ch\/de\/#\/schema\/person\/bece9dc9b9c82b781fbf996a923e4695","name":"Ulrich Jousten","image":{"@type":"ImageObject","inLanguage":"de-DE","@id":"https:\/\/ujofotodesign.ch\/de\/#\/schema\/person\/image\/","url":"https:\/\/ujofotodesign.ch\/wp-content\/uploads\/2019\/10\/ujofotodesign-logo.jpg","contentUrl":"https:\/\/ujofotodesign.ch\/wp-content\/uploads\/2019\/10\/ujofotodesign-logo.jpg","width":512,"height":512,"caption":"Ulrich Jousten"},"logo":{"@id":"https:\/\/ujofotodesign.ch\/de\/#\/schema\/person\/image\/"},"sameAs":["https:\/\/ujofotodesign.ch"]}]}},"_links":{"self":[{"href":"https:\/\/ujofotodesign.ch\/de\/wp-json\/wp\/v2\/portfolio\/30415"}],"collection":[{"href":"https:\/\/ujofotodesign.ch\/de\/wp-json\/wp\/v2\/portfolio"}],"about":[{"href":"https:\/\/ujofotodesign.ch\/de\/wp-json\/wp\/v2\/types\/portfolio"}],"wp:featuredmedia":[{"embeddable":true,"href":"https:\/\/ujofotodesign.ch\/de\/wp-json\/wp\/v2\/media\/30253"}],"wp:attachment":[{"href":"https:\/\/ujofotodesign.ch\/de\/wp-json\/wp\/v2\/media?parent=30415"}],"wp:term":[{"taxonomy":"category-portfolio","embeddable":true,"href":"https:\/\/ujofotodesign.ch\/de\/wp-json\/wp\/v2\/category-portfolio?post=30415"}],"curies":[{"name":"wp","href":"https:\/\/api.w.org\/{rel}","templated":true}]}}

<p>Wie in den letzten drei Jahren, so habe ich auch in diesem Jahr am «Tessin Workshop» von&nbsp;<a href="https://www.fineartpix.ch/index.php">FineartPix</a>&nbsp;teilgenommen. Dieses Jahr war das Thema «all’acqua», also «über das Wasser». Wir waren eine Gruppe von fünf Fotografen, die von Ferit Kuyas und Markus Zuber angeleitet, dieses Thema bearbeiteten. Wir sind dazu entlang des Ticino vom San Gottardo bis nach Claro, kurz vor Bellinzona, gefolgt und haben an verschiedenen Standorten unsere in Vorprojekten verarbeiteten Konzepte umgesetzt. &nbsp; </p>



<p>Die Sammlung präsentiert meine Vorbereitungsarbeiten für den Workshop sowie die Ergebnisse und einige Bilder, die nach dem Workshop entstanden. Ich entschied mich, auch aufgrund des Feedbacks der Instruktoren, mit der Serie «Grenzen» fortzufahren. Ich war hauptsächlich fasziniert von der harten und weichen Veränderung der Oberflächen und Farbflüsse, die durch den Himmel, die Umgebung und die Farben des Bodens unter der Wasseroberfläche verursacht wurden.</p>



<p>Die Farbverläufe und abstrakten Reflektionen auf der Wasseroberfläche erinnern an die Werke des&nbsp;<a href="https://www.metmuseum.org/toah/hd/abex/hd_abex.htm">Abstrakten Expressionismus</a>, oder der New Yorker Schule aus der zweiten Hälfte des 20. Jahrhunderts. Dieser lose Künstlerkreis mit Leuten wie Clyfford Still, Mark Rothko , Lee Krasner, Willem de Kooning oder Jackson Pollock suchte nach neuen Ausdrucksformen ihrer inneren Verfassung. In meist sehr grossformatigen Werken versuchten diese Künstler auf der einen Seite die spontane Improvisation mit hochdynamischen energiegeladenen Gesten, wie auch einer kontemplativ ruhigen Fokussierung auf Farbflächen. &nbsp;&nbsp;</p>



<p>Interessanterweise sind Analogien insbesondere zur Farbfeldmalerei in den reflektierenden Oberflächen und unscharfen Abgrenzungen meiner «Grenzen» Serie ein weiteres Beispiel dafür, dass Kunst, so abstrakt sie auf den ersten Blick erscheinen mag, doch sehr oft eine Entsprechung in der Natur hat – und den Zustand der Natur reflektiert wie die Ausdrucksformen des Abstrakten den inneren Zustand der Künstler.&nbsp;</p>

<!-- This site is optimized with the Yoast SEO plugin v20.12 - https://yoast.com/wordpress/plugins/seo/ -->
<title>Farben und Reflexionen &bull; ujofotodesign</title>
<meta name="robots" content="index, follow, max-snippet:-1, max-image-preview:large, max-video-preview:-1" />
<link rel="canonical" href="https://ujofotodesign.ch/de/portfolio/abstraktion-3-farben-und-reflexionen/" />
<meta property="og:locale" content="de_DE" />
<meta property="og:type" content="article" />
<meta property="og:title" content="Farben und Reflexionen &bull; ujofotodesign" />
<meta property="og:description" content="Wie in den letzten drei Jahren, so habe ich auch in diesem Jahr am «Tessin Workshop» von&nbsp;FineartPix&nbsp;teilgenommen. Dieses Jahr war das Thema «all’acqua», also «über das Wasser». Wir waren eine Gruppe von fünf Fotografen, die von Ferit Kuyas und Markus Zuber angeleitet, dieses Thema bearbeiteten. Wir sind dazu entlang des Ticino vom San Gottardo bis [&hellip;]" />
<meta property="og:url" content="https://ujofotodesign.ch/de/portfolio/abstraktion-3-farben-und-reflexionen/" />
<meta property="og:site_name" content="ujofotodesign" />
<meta property="article:modified_time" content="2020-12-29T16:24:18+00:00" />
<meta property="og:image" content="https://ujofotodesign.ch/wp-content/uploads/2020/08/c5_mg_4036-m4-e1609235804758.jpg" />
	<meta property="og:image:width" content="900" />
	<meta property="og:image:height" content="1125" />
	<meta property="og:image:type" content="image/jpeg" />
<meta name="twitter:card" content="summary_large_image" />
<meta name="twitter:label1" content="Geschätzte Lesezeit" />
	<meta name="twitter:data1" content="1 Minute" />
<script type="application/ld+json" class="yoast-schema-graph">{"@context":"https://schema.org","@graph":[{"@type":"WebPage","@id":"https://ujofotodesign.ch/de/portfolio/abstraktion-3-farben-und-reflexionen/","url":"https://ujofotodesign.ch/de/portfolio/abstraktion-3-farben-und-reflexionen/","name":"Farben und Reflexionen &bull; ujofotodesign","isPartOf":{"@id":"https://ujofotodesign.ch/de/#website"},"datePublished":"2020-12-28T16:50:17+00:00","dateModified":"2020-12-29T16:24:18+00:00","breadcrumb":{"@id":"https://ujofotodesign.ch/de/portfolio/abstraktion-3-farben-und-reflexionen/#breadcrumb"},"inLanguage":"de-DE","potentialAction":[{"@type":"ReadAction","target":["https://ujofotodesign.ch/de/portfolio/abstraktion-3-farben-und-reflexionen/"]}]},{"@type":"BreadcrumbList","@id":"https://ujofotodesign.ch/de/portfolio/abstraktion-3-farben-und-reflexionen/#breadcrumb","itemListElement":[{"@type":"ListItem","position":1,"name":"Home","item":"https://ujofotodesign.ch/de/"},{"@type":"ListItem","position":2,"name":"Farben und Reflexionen"}]},{"@type":"WebSite","@id":"https://ujofotodesign.ch/de/#website","url":"https://ujofotodesign.ch/de/","name":"ujofotodesign","description":"","publisher":{"@id":"https://ujofotodesign.ch/de/#/schema/person/bece9dc9b9c82b781fbf996a923e4695"},"potentialAction":[{"@type":"SearchAction","target":{"@type":"EntryPoint","urlTemplate":"https://ujofotodesign.ch/de/?s={search_term_string}"},"query-input":"required name=search_term_string"}],"inLanguage":"de-DE"},{"@type":["Person","Organization"],"@id":"https://ujofotodesign.ch/de/#/schema/person/bece9dc9b9c82b781fbf996a923e4695","name":"Ulrich Jousten","image":{"@type":"ImageObject","inLanguage":"de-DE","@id":"https://ujofotodesign.ch/de/#/schema/person/image/","url":"https://ujofotodesign.ch/wp-content/uploads/2019/10/ujofotodesign-logo.jpg","contentUrl":"https://ujofotodesign.ch/wp-content/uploads/2019/10/ujofotodesign-logo.jpg","width":512,"height":512,"caption":"Ulrich Jousten"},"logo":{"@id":"https://ujofotodesign.ch/de/#/schema/person/image/"},"sameAs":["https://ujofotodesign.ch"]}]}</script>
<!-- / Yoast SEO plugin. -->

Wie in den letzten drei Jahren, so habe ich auch in diesem Jahr am «Tessin Workshop» von&nbsp;FineartPix&nbsp;teilgenommen. Dieses Jahr war das Thema «all’acqua», also «über das Wasser». Wir waren eine Gruppe von fünf Fotografen, die von Ferit Kuyas und Markus Zuber angeleitet, dieses Thema bearbeiteten. Wir sind dazu entlang des Ticino vom San Gottardo bis [&hellip;]
