{"id":30413,"date":"2020-12-28T17:42:49","date_gmt":"2020-12-28T16:42:49","guid":{"rendered":"https:\/\/ujofotodesign.ch\/?post_type=portfolio&#038;p=30413"},"modified":"2020-12-29T17:20:05","modified_gmt":"2020-12-29T16:20:05","slug":"abstraktion-2-jenseits-der-fotografie","status":"publish","type":"portfolio","link":"https:\/\/ujofotodesign.ch\/de\/portfolio\/abstraktion-2-jenseits-der-fotografie\/","title":{"rendered":"Jenseits der Fotografie"},"content":{"rendered":"\n<p>Diese Bilder entstehen, indem die Kamera w\u00e4hrend mit l\u00e4ngeren Belichtungszeiten bewegt oder die Szene unscharf eingestellt wird. Die urspr\u00fcnglichen Motive sind Landschaften mit Feldern, Fl\u00fcssen und Wegen oder Haufen geschnittenes Gras, oder teilweise moosigen Holzes. Je nach Jahreszeit \u00e4ndern sie Farbe und Aussehen. Das Original ist nicht mehr zu identifizieren und die Bilder hinterlassen Zweifel an dem, was wir sehen &#8211; jenseits der Fotografie<\/p>\n","protected":false},"featured_media":30403,"menu_order":2,"template":"","category-portfolio":[31],"acf":[],"yoast_head":"<!-- This site is optimized with the Yoast SEO plugin v20.12 - https:\/\/yoast.com\/wordpress\/plugins\/seo\/ -->\n<title>Jenseits der Fotografie &bull; ujofotodesign<\/title>\n<meta name=\"robots\" content=\"index, follow, max-snippet:-1, max-image-preview:large, max-video-preview:-1\" \/>\n<link rel=\"canonical\" href=\"https:\/\/ujofotodesign.ch\/de\/portfolio\/abstraktion-2-jenseits-der-fotografie\/\" \/>\n<meta property=\"og:locale\" content=\"de_DE\" \/>\n<meta property=\"og:type\" content=\"article\" \/>\n<meta property=\"og:title\" content=\"Jenseits der Fotografie &bull; ujofotodesign\" \/>\n<meta property=\"og:description\" content=\"Diese Bilder entstehen, indem die Kamera w\u00e4hrend mit l\u00e4ngeren Belichtungszeiten bewegt oder die Szene unscharf eingestellt wird. Die urspr\u00fcnglichen Motive sind Landschaften mit Feldern, Fl\u00fcssen und Wegen oder Haufen geschnittenes Gras, oder teilweise moosigen Holzes. Je nach Jahreszeit \u00e4ndern sie Farbe und Aussehen. Das Original ist nicht mehr zu identifizieren und die Bilder hinterlassen Zweifel [&hellip;]\" \/>\n<meta property=\"og:url\" content=\"https:\/\/ujofotodesign.ch\/de\/portfolio\/abstraktion-2-jenseits-der-fotografie\/\" \/>\n<meta property=\"og:site_name\" content=\"ujofotodesign\" \/>\n<meta property=\"article:modified_time\" content=\"2020-12-29T16:20:05+00:00\" \/>\n<meta property=\"og:image\" content=\"https:\/\/ujofotodesign.ch\/wp-content\/uploads\/2020\/12\/m5_mg_4702-e1609235266268.jpg\" \/>\n\t<meta property=\"og:image:width\" content=\"960\" \/>\n\t<meta property=\"og:image:height\" content=\"1200\" \/>\n\t<meta property=\"og:image:type\" content=\"image\/jpeg\" \/>\n<meta name=\"twitter:card\" content=\"summary_large_image\" \/>\n<script type=\"application\/ld+json\" class=\"yoast-schema-graph\">{\"@context\":\"https:\/\/schema.org\",\"@graph\":[{\"@type\":\"WebPage\",\"@id\":\"https:\/\/ujofotodesign.ch\/de\/portfolio\/abstraktion-2-jenseits-der-fotografie\/\",\"url\":\"https:\/\/ujofotodesign.ch\/de\/portfolio\/abstraktion-2-jenseits-der-fotografie\/\",\"name\":\"Jenseits der Fotografie &bull; ujofotodesign\",\"isPartOf\":{\"@id\":\"https:\/\/ujofotodesign.ch\/de\/#website\"},\"datePublished\":\"2020-12-28T16:42:49+00:00\",\"dateModified\":\"2020-12-29T16:20:05+00:00\",\"breadcrumb\":{\"@id\":\"https:\/\/ujofotodesign.ch\/de\/portfolio\/abstraktion-2-jenseits-der-fotografie\/#breadcrumb\"},\"inLanguage\":\"de-DE\",\"potentialAction\":[{\"@type\":\"ReadAction\",\"target\":[\"https:\/\/ujofotodesign.ch\/de\/portfolio\/abstraktion-2-jenseits-der-fotografie\/\"]}]},{\"@type\":\"BreadcrumbList\",\"@id\":\"https:\/\/ujofotodesign.ch\/de\/portfolio\/abstraktion-2-jenseits-der-fotografie\/#breadcrumb\",\"itemListElement\":[{\"@type\":\"ListItem\",\"position\":1,\"name\":\"Home\",\"item\":\"https:\/\/ujofotodesign.ch\/de\/\"},{\"@type\":\"ListItem\",\"position\":2,\"name\":\"Jenseits der Fotografie\"}]},{\"@type\":\"WebSite\",\"@id\":\"https:\/\/ujofotodesign.ch\/de\/#website\",\"url\":\"https:\/\/ujofotodesign.ch\/de\/\",\"name\":\"ujofotodesign\",\"description\":\"\",\"publisher\":{\"@id\":\"https:\/\/ujofotodesign.ch\/de\/#\/schema\/person\/bece9dc9b9c82b781fbf996a923e4695\"},\"potentialAction\":[{\"@type\":\"SearchAction\",\"target\":{\"@type\":\"EntryPoint\",\"urlTemplate\":\"https:\/\/ujofotodesign.ch\/de\/?s={search_term_string}\"},\"query-input\":\"required name=search_term_string\"}],\"inLanguage\":\"de-DE\"},{\"@type\":[\"Person\",\"Organization\"],\"@id\":\"https:\/\/ujofotodesign.ch\/de\/#\/schema\/person\/bece9dc9b9c82b781fbf996a923e4695\",\"name\":\"Ulrich Jousten\",\"image\":{\"@type\":\"ImageObject\",\"inLanguage\":\"de-DE\",\"@id\":\"https:\/\/ujofotodesign.ch\/de\/#\/schema\/person\/image\/\",\"url\":\"https:\/\/ujofotodesign.ch\/wp-content\/uploads\/2019\/10\/ujofotodesign-logo.jpg\",\"contentUrl\":\"https:\/\/ujofotodesign.ch\/wp-content\/uploads\/2019\/10\/ujofotodesign-logo.jpg\",\"width\":512,\"height\":512,\"caption\":\"Ulrich Jousten\"},\"logo\":{\"@id\":\"https:\/\/ujofotodesign.ch\/de\/#\/schema\/person\/image\/\"},\"sameAs\":[\"https:\/\/ujofotodesign.ch\"]}]}<\/script>\n<!-- \/ Yoast SEO plugin. -->","yoast_head_json":{"title":"Jenseits der Fotografie &bull; ujofotodesign","robots":{"index":"index","follow":"follow","max-snippet":"max-snippet:-1","max-image-preview":"max-image-preview:large","max-video-preview":"max-video-preview:-1"},"canonical":"https:\/\/ujofotodesign.ch\/de\/portfolio\/abstraktion-2-jenseits-der-fotografie\/","og_locale":"de_DE","og_type":"article","og_title":"Jenseits der Fotografie &bull; ujofotodesign","og_description":"Diese Bilder entstehen, indem die Kamera w\u00e4hrend mit l\u00e4ngeren Belichtungszeiten bewegt oder die Szene unscharf eingestellt wird. Die urspr\u00fcnglichen Motive sind Landschaften mit Feldern, Fl\u00fcssen und Wegen oder Haufen geschnittenes Gras, oder teilweise moosigen Holzes. Je nach Jahreszeit \u00e4ndern sie Farbe und Aussehen. Das Original ist nicht mehr zu identifizieren und die Bilder hinterlassen Zweifel [&hellip;]","og_url":"https:\/\/ujofotodesign.ch\/de\/portfolio\/abstraktion-2-jenseits-der-fotografie\/","og_site_name":"ujofotodesign","article_modified_time":"2020-12-29T16:20:05+00:00","og_image":[{"width":960,"height":1200,"url":"https:\/\/ujofotodesign.ch\/wp-content\/uploads\/2020\/12\/m5_mg_4702-e1609235266268.jpg","type":"image\/jpeg"}],"twitter_card":"summary_large_image","schema":{"@context":"https:\/\/schema.org","@graph":[{"@type":"WebPage","@id":"https:\/\/ujofotodesign.ch\/de\/portfolio\/abstraktion-2-jenseits-der-fotografie\/","url":"https:\/\/ujofotodesign.ch\/de\/portfolio\/abstraktion-2-jenseits-der-fotografie\/","name":"Jenseits der Fotografie &bull; ujofotodesign","isPartOf":{"@id":"https:\/\/ujofotodesign.ch\/de\/#website"},"datePublished":"2020-12-28T16:42:49+00:00","dateModified":"2020-12-29T16:20:05+00:00","breadcrumb":{"@id":"https:\/\/ujofotodesign.ch\/de\/portfolio\/abstraktion-2-jenseits-der-fotografie\/#breadcrumb"},"inLanguage":"de-DE","potentialAction":[{"@type":"ReadAction","target":["https:\/\/ujofotodesign.ch\/de\/portfolio\/abstraktion-2-jenseits-der-fotografie\/"]}]},{"@type":"BreadcrumbList","@id":"https:\/\/ujofotodesign.ch\/de\/portfolio\/abstraktion-2-jenseits-der-fotografie\/#breadcrumb","itemListElement":[{"@type":"ListItem","position":1,"name":"Home","item":"https:\/\/ujofotodesign.ch\/de\/"},{"@type":"ListItem","position":2,"name":"Jenseits der Fotografie"}]},{"@type":"WebSite","@id":"https:\/\/ujofotodesign.ch\/de\/#website","url":"https:\/\/ujofotodesign.ch\/de\/","name":"ujofotodesign","description":"","publisher":{"@id":"https:\/\/ujofotodesign.ch\/de\/#\/schema\/person\/bece9dc9b9c82b781fbf996a923e4695"},"potentialAction":[{"@type":"SearchAction","target":{"@type":"EntryPoint","urlTemplate":"https:\/\/ujofotodesign.ch\/de\/?s={search_term_string}"},"query-input":"required name=search_term_string"}],"inLanguage":"de-DE"},{"@type":["Person","Organization"],"@id":"https:\/\/ujofotodesign.ch\/de\/#\/schema\/person\/bece9dc9b9c82b781fbf996a923e4695","name":"Ulrich Jousten","image":{"@type":"ImageObject","inLanguage":"de-DE","@id":"https:\/\/ujofotodesign.ch\/de\/#\/schema\/person\/image\/","url":"https:\/\/ujofotodesign.ch\/wp-content\/uploads\/2019\/10\/ujofotodesign-logo.jpg","contentUrl":"https:\/\/ujofotodesign.ch\/wp-content\/uploads\/2019\/10\/ujofotodesign-logo.jpg","width":512,"height":512,"caption":"Ulrich Jousten"},"logo":{"@id":"https:\/\/ujofotodesign.ch\/de\/#\/schema\/person\/image\/"},"sameAs":["https:\/\/ujofotodesign.ch"]}]}},"_links":{"self":[{"href":"https:\/\/ujofotodesign.ch\/de\/wp-json\/wp\/v2\/portfolio\/30413"}],"collection":[{"href":"https:\/\/ujofotodesign.ch\/de\/wp-json\/wp\/v2\/portfolio"}],"about":[{"href":"https:\/\/ujofotodesign.ch\/de\/wp-json\/wp\/v2\/types\/portfolio"}],"wp:featuredmedia":[{"embeddable":true,"href":"https:\/\/ujofotodesign.ch\/de\/wp-json\/wp\/v2\/media\/30403"}],"wp:attachment":[{"href":"https:\/\/ujofotodesign.ch\/de\/wp-json\/wp\/v2\/media?parent=30413"}],"wp:term":[{"taxonomy":"category-portfolio","embeddable":true,"href":"https:\/\/ujofotodesign.ch\/de\/wp-json\/wp\/v2\/category-portfolio?post=30413"}],"curies":[{"name":"wp","href":"https:\/\/api.w.org\/{rel}","templated":true}]}}

<p>Diese Bilder entstehen, indem die Kamera während mit längeren Belichtungszeiten bewegt oder die Szene unscharf eingestellt wird. Die ursprünglichen Motive sind Landschaften mit Feldern, Flüssen und Wegen oder Haufen geschnittenes Gras, oder teilweise moosigen Holzes. Je nach Jahreszeit ändern sie Farbe und Aussehen. Das Original ist nicht mehr zu identifizieren und die Bilder hinterlassen Zweifel an dem, was wir sehen &#8211; jenseits der Fotografie</p>

<!-- This site is optimized with the Yoast SEO plugin v20.12 - https://yoast.com/wordpress/plugins/seo/ -->
<title>Jenseits der Fotografie &bull; ujofotodesign</title>
<meta name="robots" content="index, follow, max-snippet:-1, max-image-preview:large, max-video-preview:-1" />
<link rel="canonical" href="https://ujofotodesign.ch/de/portfolio/abstraktion-2-jenseits-der-fotografie/" />
<meta property="og:locale" content="de_DE" />
<meta property="og:type" content="article" />
<meta property="og:title" content="Jenseits der Fotografie &bull; ujofotodesign" />
<meta property="og:description" content="Diese Bilder entstehen, indem die Kamera während mit längeren Belichtungszeiten bewegt oder die Szene unscharf eingestellt wird. Die ursprünglichen Motive sind Landschaften mit Feldern, Flüssen und Wegen oder Haufen geschnittenes Gras, oder teilweise moosigen Holzes. Je nach Jahreszeit ändern sie Farbe und Aussehen. Das Original ist nicht mehr zu identifizieren und die Bilder hinterlassen Zweifel [&hellip;]" />
<meta property="og:url" content="https://ujofotodesign.ch/de/portfolio/abstraktion-2-jenseits-der-fotografie/" />
<meta property="og:site_name" content="ujofotodesign" />
<meta property="article:modified_time" content="2020-12-29T16:20:05+00:00" />
<meta property="og:image" content="https://ujofotodesign.ch/wp-content/uploads/2020/12/m5_mg_4702-e1609235266268.jpg" />
	<meta property="og:image:width" content="960" />
	<meta property="og:image:height" content="1200" />
	<meta property="og:image:type" content="image/jpeg" />
<meta name="twitter:card" content="summary_large_image" />
<script type="application/ld+json" class="yoast-schema-graph">{"@context":"https://schema.org","@graph":[{"@type":"WebPage","@id":"https://ujofotodesign.ch/de/portfolio/abstraktion-2-jenseits-der-fotografie/","url":"https://ujofotodesign.ch/de/portfolio/abstraktion-2-jenseits-der-fotografie/","name":"Jenseits der Fotografie &bull; ujofotodesign","isPartOf":{"@id":"https://ujofotodesign.ch/de/#website"},"datePublished":"2020-12-28T16:42:49+00:00","dateModified":"2020-12-29T16:20:05+00:00","breadcrumb":{"@id":"https://ujofotodesign.ch/de/portfolio/abstraktion-2-jenseits-der-fotografie/#breadcrumb"},"inLanguage":"de-DE","potentialAction":[{"@type":"ReadAction","target":["https://ujofotodesign.ch/de/portfolio/abstraktion-2-jenseits-der-fotografie/"]}]},{"@type":"BreadcrumbList","@id":"https://ujofotodesign.ch/de/portfolio/abstraktion-2-jenseits-der-fotografie/#breadcrumb","itemListElement":[{"@type":"ListItem","position":1,"name":"Home","item":"https://ujofotodesign.ch/de/"},{"@type":"ListItem","position":2,"name":"Jenseits der Fotografie"}]},{"@type":"WebSite","@id":"https://ujofotodesign.ch/de/#website","url":"https://ujofotodesign.ch/de/","name":"ujofotodesign","description":"","publisher":{"@id":"https://ujofotodesign.ch/de/#/schema/person/bece9dc9b9c82b781fbf996a923e4695"},"potentialAction":[{"@type":"SearchAction","target":{"@type":"EntryPoint","urlTemplate":"https://ujofotodesign.ch/de/?s={search_term_string}"},"query-input":"required name=search_term_string"}],"inLanguage":"de-DE"},{"@type":["Person","Organization"],"@id":"https://ujofotodesign.ch/de/#/schema/person/bece9dc9b9c82b781fbf996a923e4695","name":"Ulrich Jousten","image":{"@type":"ImageObject","inLanguage":"de-DE","@id":"https://ujofotodesign.ch/de/#/schema/person/image/","url":"https://ujofotodesign.ch/wp-content/uploads/2019/10/ujofotodesign-logo.jpg","contentUrl":"https://ujofotodesign.ch/wp-content/uploads/2019/10/ujofotodesign-logo.jpg","width":512,"height":512,"caption":"Ulrich Jousten"},"logo":{"@id":"https://ujofotodesign.ch/de/#/schema/person/image/"},"sameAs":["https://ujofotodesign.ch"]}]}</script>
<!-- / Yoast SEO plugin. -->

Diese Bilder entstehen, indem die Kamera während mit längeren Belichtungszeiten bewegt oder die Szene unscharf eingestellt wird. Die ursprünglichen Motive sind Landschaften mit Feldern, Flüssen und Wegen oder Haufen geschnittenes Gras, oder teilweise moosigen Holzes. Je nach Jahreszeit ändern sie Farbe und Aussehen. Das Original ist nicht mehr zu identifizieren und die Bilder hinterlassen Zweifel [&hellip;]
