{"id":157,"date":"2019-09-03T08:24:25","date_gmt":"2019-09-03T08:24:25","guid":{"rendered":"https:\/\/ujofotodesign.ch\/?page_id=157"},"modified":"2019-09-11T18:51:23","modified_gmt":"2019-09-11T18:51:23","slug":"ulrich-jousten-fotodesign","status":"publish","type":"page","link":"https:\/\/ujofotodesign.ch\/de\/","title":{"rendered":"Ulrich Jousten Fotodesign"},"content":{"rendered":"\n<p class=\"has-text-color has-very-dark-gray-color\">Unsere Welt ist ein Abbild der Dualit\u00e4t der Kr\u00e4fte von Mensch und Natur. Menschen erschaffen Strukturen in Landschaften, die von den Kr\u00e4ften der Natur gestaltet wurden und werden. Manchmal bleiben nur kleine Narben aus historischer oder gegenw\u00e4rtiger Zeit. Manchmal ist der Einfluss gigantisch, die Kr\u00e4fte der Natur kaum mehr wahrnehmbar. Menschen selbst sind Gesch\u00f6pfe der Natur und ihrer eigenen Gestaltungskraft, ihr K\u00f6rper, ihre Gesichter, ihre Augen, ihre Kultur, ihre Seelen. Dieses m\u00e4chtige Spiel der Kr\u00e4fte inspiriert mein fotografisches Schaffen. <\/p>\n","protected":false},"excerpt":{"rendered":"<p>Unsere Welt ist ein Abbild der Dualit\u00e4t der Kr\u00e4fte von Mensch und Natur. Menschen erschaffen Strukturen in Landschaften, die von den Kr\u00e4ften der Natur gestaltet wurden und werden. Manchmal bleiben nur kleine Narben aus historischer oder gegenw\u00e4rtiger Zeit. Manchmal ist der Einfluss gigantisch, die Kr\u00e4fte der Natur kaum mehr wahrnehmbar. Menschen selbst sind Gesch\u00f6pfe der [&hellip;]<\/p>\n","protected":false},"author":1,"featured_media":0,"parent":0,"menu_order":0,"comment_status":"open","ping_status":"open","template":"","meta":[],"acf":[],"yoast_head":"<!-- This site is optimized with the Yoast SEO plugin v20.12 - https:\/\/yoast.com\/wordpress\/plugins\/seo\/ -->\n<title>Ulrich Jousten Fotodesign &bull; ujofotodesign<\/title>\n<meta name=\"robots\" content=\"index, follow, max-snippet:-1, max-image-preview:large, max-video-preview:-1\" \/>\n<link rel=\"canonical\" href=\"https:\/\/ujofotodesign.ch\/de\/\" \/>\n<meta property=\"og:locale\" content=\"de_DE\" \/>\n<meta property=\"og:type\" content=\"article\" \/>\n<meta property=\"og:title\" content=\"Ulrich Jousten Fotodesign &bull; ujofotodesign\" \/>\n<meta property=\"og:description\" content=\"Unsere Welt ist ein Abbild der Dualit\u00e4t der Kr\u00e4fte von Mensch und Natur. Menschen erschaffen Strukturen in Landschaften, die von den Kr\u00e4ften der Natur gestaltet wurden und werden. Manchmal bleiben nur kleine Narben aus historischer oder gegenw\u00e4rtiger Zeit. Manchmal ist der Einfluss gigantisch, die Kr\u00e4fte der Natur kaum mehr wahrnehmbar. Menschen selbst sind Gesch\u00f6pfe der [&hellip;]\" \/>\n<meta property=\"og:url\" content=\"https:\/\/ujofotodesign.ch\/de\/\" \/>\n<meta property=\"og:site_name\" content=\"ujofotodesign\" \/>\n<meta property=\"article:modified_time\" content=\"2019-09-11T18:51:23+00:00\" \/>\n<meta property=\"og:image\" content=\"https:\/\/ujofotodesign.ch\/wp-content\/uploads\/2019\/10\/m5_mg_6680.jpg\" \/>\n\t<meta property=\"og:image:width\" content=\"2048\" \/>\n\t<meta property=\"og:image:height\" content=\"2048\" \/>\n\t<meta property=\"og:image:type\" content=\"image\/jpeg\" \/>\n<meta name=\"twitter:card\" content=\"summary_large_image\" \/>\n<script type=\"application\/ld+json\" class=\"yoast-schema-graph\">{\"@context\":\"https:\/\/schema.org\",\"@graph\":[{\"@type\":\"WebPage\",\"@id\":\"https:\/\/ujofotodesign.ch\/de\/\",\"url\":\"https:\/\/ujofotodesign.ch\/de\/\",\"name\":\"Ulrich Jousten Fotodesign &bull; ujofotodesign\",\"isPartOf\":{\"@id\":\"https:\/\/ujofotodesign.ch\/de\/#website\"},\"datePublished\":\"2019-09-03T08:24:25+00:00\",\"dateModified\":\"2019-09-11T18:51:23+00:00\",\"breadcrumb\":{\"@id\":\"https:\/\/ujofotodesign.ch\/de\/#breadcrumb\"},\"inLanguage\":\"de-DE\",\"potentialAction\":[{\"@type\":\"ReadAction\",\"target\":[\"https:\/\/ujofotodesign.ch\/de\/\"]}]},{\"@type\":\"BreadcrumbList\",\"@id\":\"https:\/\/ujofotodesign.ch\/de\/#breadcrumb\",\"itemListElement\":[{\"@type\":\"ListItem\",\"position\":1,\"name\":\"Home\",\"item\":\"https:\/\/ujofotodesign.ch\/de\/\"},{\"@type\":\"ListItem\",\"position\":2,\"name\":\"Ulrich Jousten Fotodesign\"}]},{\"@type\":\"WebSite\",\"@id\":\"https:\/\/ujofotodesign.ch\/de\/#website\",\"url\":\"https:\/\/ujofotodesign.ch\/de\/\",\"name\":\"ujofotodesign\",\"description\":\"\",\"publisher\":{\"@id\":\"https:\/\/ujofotodesign.ch\/de\/#\/schema\/person\/bece9dc9b9c82b781fbf996a923e4695\"},\"potentialAction\":[{\"@type\":\"SearchAction\",\"target\":{\"@type\":\"EntryPoint\",\"urlTemplate\":\"https:\/\/ujofotodesign.ch\/de\/?s={search_term_string}\"},\"query-input\":\"required name=search_term_string\"}],\"inLanguage\":\"de-DE\"},{\"@type\":[\"Person\",\"Organization\"],\"@id\":\"https:\/\/ujofotodesign.ch\/de\/#\/schema\/person\/bece9dc9b9c82b781fbf996a923e4695\",\"name\":\"Ulrich Jousten\",\"image\":{\"@type\":\"ImageObject\",\"inLanguage\":\"de-DE\",\"@id\":\"https:\/\/ujofotodesign.ch\/de\/#\/schema\/person\/image\/\",\"url\":\"https:\/\/ujofotodesign.ch\/wp-content\/uploads\/2019\/10\/ujofotodesign-logo.jpg\",\"contentUrl\":\"https:\/\/ujofotodesign.ch\/wp-content\/uploads\/2019\/10\/ujofotodesign-logo.jpg\",\"width\":512,\"height\":512,\"caption\":\"Ulrich Jousten\"},\"logo\":{\"@id\":\"https:\/\/ujofotodesign.ch\/de\/#\/schema\/person\/image\/\"},\"sameAs\":[\"https:\/\/ujofotodesign.ch\"]}]}<\/script>\n<!-- \/ Yoast SEO plugin. -->","yoast_head_json":{"title":"Ulrich Jousten Fotodesign &bull; ujofotodesign","robots":{"index":"index","follow":"follow","max-snippet":"max-snippet:-1","max-image-preview":"max-image-preview:large","max-video-preview":"max-video-preview:-1"},"canonical":"https:\/\/ujofotodesign.ch\/de\/","og_locale":"de_DE","og_type":"article","og_title":"Ulrich Jousten Fotodesign &bull; ujofotodesign","og_description":"Unsere Welt ist ein Abbild der Dualit\u00e4t der Kr\u00e4fte von Mensch und Natur. Menschen erschaffen Strukturen in Landschaften, die von den Kr\u00e4ften der Natur gestaltet wurden und werden. Manchmal bleiben nur kleine Narben aus historischer oder gegenw\u00e4rtiger Zeit. Manchmal ist der Einfluss gigantisch, die Kr\u00e4fte der Natur kaum mehr wahrnehmbar. Menschen selbst sind Gesch\u00f6pfe der [&hellip;]","og_url":"https:\/\/ujofotodesign.ch\/de\/","og_site_name":"ujofotodesign","article_modified_time":"2019-09-11T18:51:23+00:00","og_image":[{"width":2048,"height":2048,"url":"https:\/\/ujofotodesign.ch\/wp-content\/uploads\/2019\/10\/m5_mg_6680.jpg","type":"image\/jpeg"}],"twitter_card":"summary_large_image","schema":{"@context":"https:\/\/schema.org","@graph":[{"@type":"WebPage","@id":"https:\/\/ujofotodesign.ch\/de\/","url":"https:\/\/ujofotodesign.ch\/de\/","name":"Ulrich Jousten Fotodesign &bull; ujofotodesign","isPartOf":{"@id":"https:\/\/ujofotodesign.ch\/de\/#website"},"datePublished":"2019-09-03T08:24:25+00:00","dateModified":"2019-09-11T18:51:23+00:00","breadcrumb":{"@id":"https:\/\/ujofotodesign.ch\/de\/#breadcrumb"},"inLanguage":"de-DE","potentialAction":[{"@type":"ReadAction","target":["https:\/\/ujofotodesign.ch\/de\/"]}]},{"@type":"BreadcrumbList","@id":"https:\/\/ujofotodesign.ch\/de\/#breadcrumb","itemListElement":[{"@type":"ListItem","position":1,"name":"Home","item":"https:\/\/ujofotodesign.ch\/de\/"},{"@type":"ListItem","position":2,"name":"Ulrich Jousten Fotodesign"}]},{"@type":"WebSite","@id":"https:\/\/ujofotodesign.ch\/de\/#website","url":"https:\/\/ujofotodesign.ch\/de\/","name":"ujofotodesign","description":"","publisher":{"@id":"https:\/\/ujofotodesign.ch\/de\/#\/schema\/person\/bece9dc9b9c82b781fbf996a923e4695"},"potentialAction":[{"@type":"SearchAction","target":{"@type":"EntryPoint","urlTemplate":"https:\/\/ujofotodesign.ch\/de\/?s={search_term_string}"},"query-input":"required name=search_term_string"}],"inLanguage":"de-DE"},{"@type":["Person","Organization"],"@id":"https:\/\/ujofotodesign.ch\/de\/#\/schema\/person\/bece9dc9b9c82b781fbf996a923e4695","name":"Ulrich Jousten","image":{"@type":"ImageObject","inLanguage":"de-DE","@id":"https:\/\/ujofotodesign.ch\/de\/#\/schema\/person\/image\/","url":"https:\/\/ujofotodesign.ch\/wp-content\/uploads\/2019\/10\/ujofotodesign-logo.jpg","contentUrl":"https:\/\/ujofotodesign.ch\/wp-content\/uploads\/2019\/10\/ujofotodesign-logo.jpg","width":512,"height":512,"caption":"Ulrich Jousten"},"logo":{"@id":"https:\/\/ujofotodesign.ch\/de\/#\/schema\/person\/image\/"},"sameAs":["https:\/\/ujofotodesign.ch"]}]}},"_links":{"self":[{"href":"https:\/\/ujofotodesign.ch\/de\/wp-json\/wp\/v2\/pages\/157"}],"collection":[{"href":"https:\/\/ujofotodesign.ch\/de\/wp-json\/wp\/v2\/pages"}],"about":[{"href":"https:\/\/ujofotodesign.ch\/de\/wp-json\/wp\/v2\/types\/page"}],"author":[{"embeddable":true,"href":"https:\/\/ujofotodesign.ch\/de\/wp-json\/wp\/v2\/users\/1"}],"replies":[{"embeddable":true,"href":"https:\/\/ujofotodesign.ch\/de\/wp-json\/wp\/v2\/comments?post=157"}],"version-history":[{"count":6,"href":"https:\/\/ujofotodesign.ch\/de\/wp-json\/wp\/v2\/pages\/157\/revisions"}],"predecessor-version":[{"id":524,"href":"https:\/\/ujofotodesign.ch\/de\/wp-json\/wp\/v2\/pages\/157\/revisions\/524"}],"wp:attachment":[{"href":"https:\/\/ujofotodesign.ch\/de\/wp-json\/wp\/v2\/media?parent=157"}],"curies":[{"name":"wp","href":"https:\/\/api.w.org\/{rel}","templated":true}]}}

<p class="has-text-color has-very-dark-gray-color">Unsere Welt ist ein Abbild der Dualität der Kräfte von Mensch und Natur. Menschen erschaffen Strukturen in Landschaften, die von den Kräften der Natur gestaltet wurden und werden. Manchmal bleiben nur kleine Narben aus historischer oder gegenwärtiger Zeit. Manchmal ist der Einfluss gigantisch, die Kräfte der Natur kaum mehr wahrnehmbar. Menschen selbst sind Geschöpfe der Natur und ihrer eigenen Gestaltungskraft, ihr Körper, ihre Gesichter, ihre Augen, ihre Kultur, ihre Seelen. Dieses mächtige Spiel der Kräfte inspiriert mein fotografisches Schaffen. </p>

<p>Unsere Welt ist ein Abbild der Dualität der Kräfte von Mensch und Natur. Menschen erschaffen Strukturen in Landschaften, die von den Kräften der Natur gestaltet wurden und werden. Manchmal bleiben nur kleine Narben aus historischer oder gegenwärtiger Zeit. Manchmal ist der Einfluss gigantisch, die Kräfte der Natur kaum mehr wahrnehmbar. Menschen selbst sind Geschöpfe der [&hellip;]</p>

<!-- This site is optimized with the Yoast SEO plugin v20.12 - https://yoast.com/wordpress/plugins/seo/ -->
<title>Ulrich Jousten Fotodesign &bull; ujofotodesign</title>
<meta name="robots" content="index, follow, max-snippet:-1, max-image-preview:large, max-video-preview:-1" />
<link rel="canonical" href="https://ujofotodesign.ch/de/" />
<meta property="og:locale" content="de_DE" />
<meta property="og:type" content="article" />
<meta property="og:title" content="Ulrich Jousten Fotodesign &bull; ujofotodesign" />
<meta property="og:description" content="Unsere Welt ist ein Abbild der Dualität der Kräfte von Mensch und Natur. Menschen erschaffen Strukturen in Landschaften, die von den Kräften der Natur gestaltet wurden und werden. Manchmal bleiben nur kleine Narben aus historischer oder gegenwärtiger Zeit. Manchmal ist der Einfluss gigantisch, die Kräfte der Natur kaum mehr wahrnehmbar. Menschen selbst sind Geschöpfe der [&hellip;]" />
<meta property="og:url" content="https://ujofotodesign.ch/de/" />
<meta property="og:site_name" content="ujofotodesign" />
<meta property="article:modified_time" content="2019-09-11T18:51:23+00:00" />
<meta property="og:image" content="https://ujofotodesign.ch/wp-content/uploads/2019/10/m5_mg_6680.jpg" />
	<meta property="og:image:width" content="2048" />
	<meta property="og:image:height" content="2048" />
	<meta property="og:image:type" content="image/jpeg" />
<meta name="twitter:card" content="summary_large_image" />
<script type="application/ld+json" class="yoast-schema-graph">{"@context":"https://schema.org","@graph":[{"@type":"WebPage","@id":"https://ujofotodesign.ch/de/","url":"https://ujofotodesign.ch/de/","name":"Ulrich Jousten Fotodesign &bull; ujofotodesign","isPartOf":{"@id":"https://ujofotodesign.ch/de/#website"},"datePublished":"2019-09-03T08:24:25+00:00","dateModified":"2019-09-11T18:51:23+00:00","breadcrumb":{"@id":"https://ujofotodesign.ch/de/#breadcrumb"},"inLanguage":"de-DE","potentialAction":[{"@type":"ReadAction","target":["https://ujofotodesign.ch/de/"]}]},{"@type":"BreadcrumbList","@id":"https://ujofotodesign.ch/de/#breadcrumb","itemListElement":[{"@type":"ListItem","position":1,"name":"Home","item":"https://ujofotodesign.ch/de/"},{"@type":"ListItem","position":2,"name":"Ulrich Jousten Fotodesign"}]},{"@type":"WebSite","@id":"https://ujofotodesign.ch/de/#website","url":"https://ujofotodesign.ch/de/","name":"ujofotodesign","description":"","publisher":{"@id":"https://ujofotodesign.ch/de/#/schema/person/bece9dc9b9c82b781fbf996a923e4695"},"potentialAction":[{"@type":"SearchAction","target":{"@type":"EntryPoint","urlTemplate":"https://ujofotodesign.ch/de/?s={search_term_string}"},"query-input":"required name=search_term_string"}],"inLanguage":"de-DE"},{"@type":["Person","Organization"],"@id":"https://ujofotodesign.ch/de/#/schema/person/bece9dc9b9c82b781fbf996a923e4695","name":"Ulrich Jousten","image":{"@type":"ImageObject","inLanguage":"de-DE","@id":"https://ujofotodesign.ch/de/#/schema/person/image/","url":"https://ujofotodesign.ch/wp-content/uploads/2019/10/ujofotodesign-logo.jpg","contentUrl":"https://ujofotodesign.ch/wp-content/uploads/2019/10/ujofotodesign-logo.jpg","width":512,"height":512,"caption":"Ulrich Jousten"},"logo":{"@id":"https://ujofotodesign.ch/de/#/schema/person/image/"},"sameAs":["https://ujofotodesign.ch"]}]}</script>
<!-- / Yoast SEO plugin. -->

Unsere Welt ist ein Abbild der Dualität der Kräfte von Mensch und Natur. Menschen erschaffen Strukturen in Landschaften, die von den Kräften der Natur gestaltet wurden und werden. Manchmal bleiben nur kleine Narben aus historischer oder gegenwärtiger Zeit. Manchmal ist der Einfluss gigantisch, die Kräfte der Natur kaum mehr wahrnehmbar. Menschen selbst sind Geschöpfe der [&hellip;]
